 1519 is divided by x?
11
Let h be 0 - (-3*(2 + -1) + 0). Let k be 4/3*6/4. Suppose 0 = 2*j + k*j + h*s - 110, j = 4*s + 37. Calculate the remainder when j is divided by 16.
13
Suppose 5*c - 2*u - 247 = 0, 4*u + 53 = c - 0*u. Let t(g) = 7*g - 15. Calculate the remainder when c is divided by t(4).
10
Let u(k) be the third derivative of k**5/60 + k**4/8 + k**3/3 - k**2. Suppose 0 = -4*j + 36 + 56. What is the remainder when j is divided by u(-5)?
11
Let n = 36 - 64. Calculate the remainder when 16*(182/n)/(-3 - -1) is divided by 18.
16
Suppose -3*p - 18 = -4*p. Let i(s) = s**2 + 3*s - 7. What is the remainder when i(-6) is divided by (-1)/3 - (-78)/p?
3
Let m = 0 - 1. Let p(g) = -3*g**3 + g + 1. Let a be p(m). Suppose r - 2*c - 22 = -5, -5*r = -a*c - 71. What is the remainder when 37 is divided by r?
11
Let y(q) = 172*q**3 + q**2 - 2*q + 1. Let i be y(1). Suppose 0 = 7*o - 5*o - i. What is the remainder when o is divided by (-22)/((-5 - 0)/5)?
20
Calculate the remainder when 5550/45 + (-4)/(-6) is divided by 37.
13
Suppose 2*n - 4*n - 46 = 0. Let v = n - -49. Let d = -43 + 118. Calculate the remainder when d is divided by v.
23
Let l(m) = m**3 + 11*m**2 + 11*m + 10. Let u be l(-10). Suppose u = 3*q - 54 - 72. What is the remainder when q is divided by 9?
6
Calculate the remainder when 54 is divided by (70/(-6))/((-115)/138).
12
Let n(f) be the third derivative of f**6/120 - f**5/15 - 5*f**4/12 + f**3/2 - 22*f**2. Calculate the remainder when n(7) is divided by 21.
17
Suppose 155*x = 166*x - 803. Calculate the remainder when 361 is divided by x.
69
Suppose 7150 = 5*l - 0*l. Let o be (l/(-25))/((-1)/5). Suppose -3*j = 4 - o. What is the remainder when j is divided by 19?
18
Suppose -4*g = s - 69 - 15, 3*s - 3*g = 207. Let a = s + -37. Suppose -13 = 3*d - 5*b, 2*d = -3*d - 3*b + a. What is the remainder when 6 is divided by d?
2
Suppose 6*p - 2*p + 4*a = 88, -15 = -5*a. What is the remainder when 170 is divided by p?
18
Let n(o) = o**3 - 5*o**2 - 5*o - 2. Let l be n(6). Let c(g) = -17*g**2 + g - 4. Let t be c(l). Calculate the remainder when 49 is divided by (-3)/5 + t/(-20).
10
Let p(l) = -4*l**2 + 25*l + 10. What is the remainder when p(5) is divided by 16?
3
Let c = -29 - -41. Suppose -v + c = 5. What is the remainder when v is divided by 5?
2
Let t = -4 + 8. Suppose x + 5*l - 35 = 0, 5*x + t*l - 96 = 37. What is the remainder when x is divided by 1*(-3)/6 + 135/10?
12
Suppose -7*o = 8*o - 585. Calculate the remainder when 232 is divided by o.
37
Let a(r) be the second derivative of r**5/20 - 5*r**4/12 - 2*r**3/3 + 3*r**2/2 + 22*r. Let u = -4 - -10. What is the remainder when a(u) is divided by 6?
3
Let u be 6/(-3) + 4 - -4. Let r(m) = 7*m - 8. Let g(n) = n**3 + 8*n**2 - 2*n - 4. Calculate the remainder when r(u) is divided by g(-8).
10
Let p(h) = h**3 - 8*h**2 - 7*h. Let s be (-11 - -16)*1/1. Suppose 2*t - s*q = 13, -2*t + 6*t - 41 = -5*q. What is the remainder when p(t) is divided by 7?
4
Suppose 12*o - 292 = -100. Calculate the remainder when 121 is divided by o.
9
Let i = 111 - 27. What is the remainder when i is divided by 116/2*(-10)/(-20)?
26
Suppose -2*b + 5*r + 21 = 0, r = 4*b + 5*r + 28. Let m = b - -19. Suppose 3*w - 148 = -2*z, -3*z + 58 + 44 = 2*w. What is the remainder when w is divided by m?
14
Let o = 1587 - 652. What is the remainder when o is divided by 72?
71
What is the remainder when -13 + (-35)/(-7) - -355 is divided by 58?
57
Suppose -a + 2*z + z - 33 = 0, -5*a + 2*z - 100 = 0. Let l = 156 - a. What is the remainder when l is divided by 44?
42
Suppose s - 207 = -119*o + 117*o, -316 = -3*o + 4*s. What is the remainder when o is divided by 5?
4
Let q(n) = -8*n**2 - n - 3. Let x(y) = -1. Let b(l) = -q(l) + 2*x(l). Calculate the remainder when b(-2) is divided by 11.
9
Let v(n) = n**3 + 4*n**2 + 6*n + 6. Suppose -5*l = -l + 16. Let k be v(l). Let h = -15 - k. What is the remainder when 9 is divided by h?
0
Let u = 1016 - 573. Let a = -315 + u. Calculate the remainder when a is divided by 13.
11
Suppose -10 = -5*x, 60 + 26 = -2*y + x. Let d(i) = -i**2 + 2*i + 4. Let o be d(-3). Let l = o - y. Calculate the remainder when l is divided by 11.
9
Let q = 68 - 26. Calculate the remainder when 206 is divided by q.
38
Let f(u) = 6*u - 9. What is the remainder when 54 is divided by f(7)?
21
Let u be 1103/(-13) + (-8)/52. Let z = u + 99. What is the remainder when 139 is divided by z?
13
What is the remainder when (-2 - 39/(-18)) + 658/12 is divided by 47?
8
Suppose -2*p = c - 6, c - 5*p - 6 = -0. Let d be 256/c*9/6. Let o = d - 33. What is the remainder when 123 is divided by o?
30
Let b = -6 + 0. Suppose 0 = -5*i - 61 + 16. What is the remainder when b/4*120/i is divided by 11?
9
Let c = -693 - -1012. Calculate the remainder when c is divided by 36.
31
Calculate the remainder when (-5149)/(-247) + 8/52 is divided by 11.
10
Let m = -408 - -473. Calculate the remainder when m is divided by 22.
21
Let v(a) = 7*a**3 - 2*a**2 - 20*a. Let g(m) = 20*m**3 - 5*m**2 - 59*m - 1. Let f(z) = 6*g(z) - 17*v(z). What is the remainder when f(-6) is divided by 3?
0
Suppose 3*s - 268 = -5*b + 70, -4*b = 2*s - 222. What is the remainder when s is divided by 38?
7
Let n(y) = y**3 - 10*y**2 + 7*y + 20. Let m be n(9). What is the remainder when (3 + -2)*206/m is divided by 26?
25
Let q = 835 + -207. What is the remainder when 194 is divided by (-2)/8 - q/(-16)?
38
Suppose 0 = 4*b - 25 - 239. Suppose -b - 9 = -3*t. What is the remainder when 72 is divided by t?
22
Let m be (-28)/(-70)*(-1 + 6). Suppose 11 = m*d - 41. What is the remainder when 51 is divided by d?
25
Let o(w) = -17*w - 3. Let u be o(3). Let q be (u/(-3))/((-3)/3). Calculate the remainder when q/(-24) + (-42)/(-8) is divided by 4.
2
What is the remainder when 4/10 + (-32798)/(-230) is divided by 48?
47
Let p(v) = -3*v**3 - 19*v**2 - 10*v - 18. Calculate the remainder when p(-8) is divided by 64.
62
Suppose 0 = 3*d + d - 56. Calculate the remainder when -38*((-9)/18 + (0 - 2)) is divided by d.
11
Let i = 90 - 151. Let w = i + 90. What is the remainder when w is divided by 16?
13
Let p = -199 - -240. What is the remainder when 244 is divided by p?
39
Suppose 9*g + 810 = -g. Let b = -71 - g. What is the remainder when 27 is divided by b?
7
Let y = 86 - 49. Suppose -2*s + 2*l + 141 = l, 98 = s + 5*l. What is the remainder when s is divided by y?
36
Let o = -22 - -24. Let n = 2 + o. What is the remainder when 11 is divided by n?
3
Let j = 9 + 10. Let t = j - 7. Calculate the remainder when 7 is divided by (12/t)/(2/10).
2
Suppose -2*u - 112 = -3*s, 0 = -5*s + u - 5*u + 216. Calculate the remainder when 151 is divided by s.
31
Let z(v) = 2*v**3 - 18*v**2 - 12*v - 11. What is the remainder when z(10) is divided by 3?
0
Let g(h) = -h**2 - 5*h + 12. Let t be g(-7). What is the remainder when 18 is divided by 7*(4 - 6)/t?
4
Suppose 408*c - 411*c + 114 = 0. What is the remainder when 39 is divided by c?
1
Let l(s) = 4*s**2 + 2*s - 1. Let k be l(2). Let b = k + -14. Let x = 18 - b. What is the remainder when x is divided by 7?
6
Calculate the remainder when (-5)/((-1036)/343 - -3) is divided by 42.
35
Let n(l) = 4*l - 9. Suppose -2165 = 6*t - 2591. Calculate the remainder when t is divided by n(6).
11
Let m(a) = a**3 - 3*a**2 - 4*a - 1. Let u be m(5). Let j = u - 69. Let k = j - -62. What is the remainder when 41 is divided by k?
19
Let v be (-10 - 18)*2/8. Let r(h) be the first derivative of -7*h**2/2 - 15*h - 2. What is the remainder when r(v) is divided by 18?
16
Let c(l) = -13*l - 24. Let p be c(-18). Suppose -2*d - 5*d + p = 0. What is the remainder when d is divided by (112/70)/((-1)/(-10))?
14
Let f = -46 + 47. Suppose -f = d - 19. What is the remainder when 2 - 134*3/(-6) is divided by d?
15
Let v(q) = -q**3 + q**2 + 4. Let c be v(0). Suppose 2*z - i - 17 = 0, c*i + 1 + 4 = z. What is the remainder when (-4 - -3)*(-25 + 1/(-1)) is divided by z?
8
Let c = 13 + -55. Calculate the remainder when 199 is divided by 7/(c/16)*-15.
39
Let i be (-1)/(-2)*4/(-1 + 3). Suppose c - i = 2. Calculate the remainder when 9 is divided by c.
0
Let q(a) = -5*a - 19. Let o be q(-6). Suppose 14*r - o*r - 39 = 0. Suppose 0 = -2*w - 0*w + 76. Calculate the remainder when w is divided by r.
12
Let q(v) = -46*v**2 + 6